{"id":139,"date":"2018-04-25T09:00:04","date_gmt":"2018-04-25T12:00:04","guid":{"rendered":"http:\/\/www.medit.com.br\/site\/?page_id=139"},"modified":"2025-07-28T13:41:49","modified_gmt":"2025-07-28T16:41:49","slug":"a-medit-e-o-ppra","status":"publish","type":"page","link":"https:\/\/www.medit.com.br\/site\/a-medit-e-o-ppra\/","title":{"rendered":"A MEDIT e o PGR"},"content":{"rendered":"<p>A Medit conta com o corpo t\u00e9cnico pronto para o desenvolvimento do PGR de sua empresa, al\u00e9m de equipamentos de medi\u00e7\u00f5es ambientais e vasta experi\u00eancia na \u00e1rea de seguran\u00e7a no trabalho. Uma vez detectado um problema ambiental, a Medit prop\u00f5e solu\u00e7\u00f5es pr\u00e1ticas, sempre buscando o menor custo para que a empresa possa proporcionar aos trabalhadores um ambiente seguro.<\/p>\n<p>Com a implanta\u00e7\u00e3o do PGR o empregador estar\u00e1 em cumprimento das exig\u00eancias da CLT e ter\u00e1 um levantamento detalhado de todos os riscos presentes, as fontes geradoras e principalmente os meios de elimina\u00e7\u00e3o ou neutraliza\u00e7\u00e3o dos mesmos no ambiente de trabalho da empresa. Esse programa visa tamb\u00e9m dar suporte t\u00e9cnico ao PCMSO, visto que para alguns dos agentes presentes dever\u00e3o existir exames complementares espec\u00edficos.<\/p>\n","protected":false},"excerpt":{"rendered":"<p>A Medit conta com o corpo t\u00e9cnico pronto para o desenvolvimento do PGR de sua empresa, al\u00e9m de equipamentos de medi\u00e7\u00f5es ambientais e vasta experi\u00eancia na \u00e1rea de seguran\u00e7a no trabalho. Uma vez detectado um problema ambiental, a Medit prop\u00f5e solu\u00e7\u00f5es pr\u00e1ticas, sempre buscando o menor custo para que a empresa possa proporcionar aos trabalhadores &hellip; <\/p>\n<p class=\"link-more\"><a href=\"https:\/\/www.medit.com.br\/site\/a-medit-e-o-ppra\/\" class=\"more-link\">Continue lendo<span class=\"screen-reader-text\"> &#8220;A MEDIT e o PGR&#8221;<\/span><\/a><\/p>\n","protected":false},"author":2,"featured_media":0,"parent":0,"menu_order":0,"comment_status":"closed","ping_status":"closed","template":"","meta":{"_joinchat":[],"footnotes":""},"class_list":["post-139","page","type-page","status-publish","hentry"],"_links":{"self":[{"href":"https:\/\/www.medit.com.br\/site\/wp-json\/wp\/v2\/pages\/139","targetHints":{"allow":["GET"]}}],"collection":[{"href":"https:\/\/www.medit.com.br\/site\/wp-json\/wp\/v2\/pages"}],"about":[{"href":"https:\/\/www.medit.com.br\/site\/wp-json\/wp\/v2\/types\/page"}],"author":[{"embeddable":true,"href":"https:\/\/www.medit.com.br\/site\/wp-json\/wp\/v2\/users\/2"}],"replies":[{"embeddable":true,"href":"https:\/\/www.medit.com.br\/site\/wp-json\/wp\/v2\/comments?post=139"}],"version-history":[{"count":3,"href":"https:\/\/www.medit.com.br\/site\/wp-json\/wp\/v2\/pages\/139\/revisions"}],"predecessor-version":[{"id":154,"href":"https:\/\/www.medit.com.br\/site\/wp-json\/wp\/v2\/pages\/139\/revisions\/154"}],"wp:attachment":[{"href":"https:\/\/www.medit.com.br\/site\/wp-json\/wp\/v2\/media?parent=139"}],"curies":[{"name":"wp","href":"https:\/\/api.w.org\/{rel}","templated":true}]}}